housands digit of m?
2
Let s = -315 - -316. What is the units digit of -1 - -5 - s - (-441 - 0)?
4
What is the thousands digit of -7 + (-14 - -29) - -25413?
5
Let x = 5 - 0. Suppose -5*n = -t - n + 12, -5*t = -x*n - 30. Suppose -t*q = -3*w - q + 105, 0 = -4*w + q + 131. What is the tens digit of w?
3
Suppose 0 = 2*a - r - 139, 3 = r - 0. Let t = -73 + a. Let w(o) = 12*o**2 + 1. What is the units digit of w(t)?
9
Suppose 33*y - 754 = 7*y. Suppose 0 = -23*f + y*f - 222. What is the units digit of f?
7
Let p(f) = f**2 + 11*f + 20. Let i be p(-2). What is the hundreds digit of -2 + (i + 844 - 5)?
8
Suppose 0 = 2*o - 3*o - 4. Let s(g) = g**2 + 54*g + 146. Let d be s(-52). Let x = d + o. What is the tens digit of x?
3
What is the tens digit of 734056/32 + -5 - (-7 + 75/12)?
3
Let d = 4 + -1. Suppose -129*l + 137*l = 32. Suppose 0*o - 206 = -d*b + 2*o, l*o = -2*b + 116. What is the units digit of b?
6
Suppose m - 7 - 14 = 3*f, 39 = 4*m + 3*f. Let n = m - -548. Suppose -82 = 2*x - n. What is the units digit of x?
9
Let k = -54223 + 99744. What is the units digit of k?
1
What is the tens digit of 4 - 18 - (-5611 + 0)?
9
Suppose 74*f - r = 73*f + 41239, 0 = -3*f + r + 123721. What is the ten thousands digit of f?
4
Suppose 9*g - 1 + 28 = 0. What is the units digit of -5 + (-1 - g) + 145?
2
Let p = -13221 + 38761. What is the ten thousands digit of p?
2
Suppose 19443 = 3*f - 3*z, -17*f + 20*f = -z + 19443. What is the thousands digit of f?
6
Let y(x) = 11*x - 1. Let h be y(7). Let n be (-1288)/(-35) + 12 - 4/5. Let l = h - n. What is the units digit of l?
8
What is the hundreds digit of (286288/64 - -9)/((-1)/(-4))?
9
Let v = 83 + -31. Let j be (-1)/(-4) + (-13)/v. Suppose -q = 2*u - 76, 0 = -j*q + q. What is the units digit of u?
8
Let i = 5549 - 1269. What is the tens digit of i?
8
Let g be 159/51 - (-12)/(-102). Let f be (g - (215 + -1)) + 3. Let b = -119 - f. What is the tens digit of b?
8
Suppose 409413 = 18*j + 11*j - 854262. What is the hundreds digit of j?
5
Let h(f) = -3*f**2 - 260*f. Let a be h(-35). Let r = a + -3543. What is the units digit of r?
2
Let g = -2342 + 8420. What is the hundreds digit of g?
0
Let k be 36*5/(45/(-1671)). Let x be k/(-30) + 2/10. Let d = x + -122. What is the tens digit of d?
0
Let h(l) = -4*l - 5. Let j(n) = -n**3 - 5*n**2 - 5*n - 7. Let f be j(-4). Let b be h(f). Suppose -946 = -18*o + b*o. What is the tens digit of o?
8
Let t be (12/20)/((-5)/(-75)). Let q be t + (27 + -2)/(-5). Suppose q*f + 16 = 0, 570 = 5*k + 3*f + 92. What is the units digit of k?
8
Let x(k) = 1955*k**2 + 41*k - 91. What is the thousands digit of x(2)?
7
Let s = -52 - -52. Let f(w) be the first derivative of w**3/3 - 5*w**2/2 + 241*w - 13. What is the hundreds digit of f(s)?
2
Let c be (3*1/4)/(27/108). Suppose 0 = c*p + 8 - 8. Suppose p = -13*r + 122 + 281. What is the tens digit of r?
3
Suppose 0 = -96*k + 107*k - 18722. Suppose -2*s + 4*j = -k - 1210, 5*j - 4390 = -3*s. What is the units digit of s?
0
Suppose 746 = -19*s + 27232. Let y = 2046 - s. What is the units digit of y?
2
Let t be 107025/6*(-18)/(-45). Suppose 1324 = -13*m + t. What is the tens digit of m?
4
Let m be 1*-3 + -6*(-63 - -4). Let n = 645 - m. What is the units digit of n?
4
Suppose -251683 + 22353 = -23*p + 14033. What is the hundreds digit of p?
5
Suppose 2*h - 7*h + 28 = -a, a - 7 = -2*h. What is the units digit of 30/(-4)*(86/a + -2)?
0
Let n(q) = -76*q + 7569. What is the thousands digit of n(0)?
7
Suppose 25469*x - 25408*x - 5376174 = 0. What is the units digit of x?
4
Suppose 2*b = -4*p + 1 + 1, -5*p = 4*b - 10. Suppose -b*z + 4 = -9*z. Let r(y) = 22*y**2 + 4*y + 4. What is the tens digit of r(z)?
2
Let v be (-90)/(-180) + 38/(-4). Let d(u) = -2*u**3 - 9*u**2 - 12*u + 36. What is the tens digit of d(v)?
7
Suppose -2*l + 197 = -7. What is the tens digit of (l/85)/(2/515)?
0
Suppose 3*u - 210275 = -7*r, 2*u = -151*r + 156*r - 150184. What is the units digit of r?
8
Suppose 4*g - 4*u + 8 = 0, -3*u = -4*g - 0*u - 8. Let k = g + 7. Suppose -t + 544 = 2*t - 2*o, 0 = -k*t + o + 909. What is the units digit of t?
2
Let o(f) = 5*f**2 + 24*f - 2. Let w be o(-5). Suppose w*q - 5*y = 6*q - 20, 0 = 5*q + 2*y - 65. What is the units digit of q?
5
Let q(b) = 4263*b + 673. What is the thousands digit of q(3)?
3
Let v be 1/(-3 + (-75)/(-24)). Suppose v*d = 1476 + 1052. What is the units digit of d?
6
Let c(q) = -2*q**2 - 19*q - 37. Let i be c(-5). Let d(h) = h**3 + 2*h**2 - 2*h + 16. What is the hundreds digit of d(i)?
6
Let u = 187 + -170. Suppose u*p + 860 = 21*p. What is the hundreds digit of p?
2
Let g(y) = 202*y**2 + 5*y - 2. Let l be g(-7). Suppose -l = -14*s - 5*s. What is the hundreds digit of s?
5
Let b(t) = -4*t**2 + 19*t + 38. Let f(m) = m**2 - 6*m - 13. Let g(c) = 2*b(c) + 7*f(c). Let x be g(9). Let a = -99 - x. What is the tens digit of a?
3
Let j be (0 - 2897 - 5)*4. What is the tens digit of j/(-44) - (-2)/11?
6
Suppose 5*z - 54995 = -5*f, -88*z = -84*z - 3*f - 43989. What is the tens digit of z?
9
Suppose -123*l + 671058 = 54459. What is the tens digit of l?
1
Let k = 536 + 461. Suppose -3*l = 3*h - 1074, 5*h + l - 781 - k = 0. What is the tens digit of h?
5
Suppose 5*r - 496*p = -492*p + 87520, p = 0. What is the thousands digit of r?
7
Suppose 4*l - 5*h - 40036 = -8*h, 0 = h. What is the ten thousands digit of l?
1
What is the thousands digit of -12 + (1415 + -9)*1?
1
Let n be 60/40*10/3. What is the tens digit of 47280/96 - (n/2 - 1)?
9
Let n(h) = h + 11. Let i be n(-21). Let p be (i - -3)/(5/(-40)). Let l = 86 - p. What is the tens digit of l?
3
Let s be 170*((-2)/(-18))/((-20)/(-90)). Let f = s - 68. Let b = 158 + f. What is the tens digit of b?
7
Let z(o) = o**2 - 53*o + 69. Let r be z(30). Let v = 910 + r. What is the units digit of v?
9
What is the tens digit of (1465641/(-114))/(3/(-2))?
7
Let u(o) = 8*o**2 + 4*o + 2. Let d(w) = -w**3 + w**2 - 2*w + 22. Let n be d(0). Suppose -3*r - n = -4*v, -v = 4*r - 6*v + 28. What is the units digit of u(r)?
6
Let d(w) = -6*w + 57. Let q be d(8). Suppose -f + q*f - 2752 = 0. What is the tens digit of f?
4
Let t = -317 + 420. Let w be 22/(-121) - 354/(-11). Let b = w + t. What is the units digit of b?
5
Suppose -2*s = -0*s - f, 0 = 4*s - 4*f. Suppose 138 = w + 5*c, -4*w - 2*c + 0*c + 498 = s. Let o = w + -2. What is the units digit of o?
1
What is the hundreds digit of (-802)/(((-11)/((-4510)/40))/(-2))?
4
Let d(n) = -3*n**3 + 44*n**2 + 5*n + 6. Let w be d(13). Let x = w + -220. What is the tens digit of x?
9
Suppose 9*i = 80 - 359. Let a = 33 + i. What is the units digit of (a/(-4))/((-2)/(868*1))?
7
Let i be 10/(-6) + 0 - 1715/(-1029). Suppose -4*g + 2*s + 467 + 95 = 0, -5*s + 25 = i. What is the hundreds digit of g?
1
Let g(o) = -78*o**2 + 12*o**2 - 16*o**3 + 67*o**2 + 2 + 7*o + o**3. Suppose -t - 2*t = 6. What is the units digit of g(t)?
2
Let c(n) be the second derivative of n**4/12 - 13*n**3/3 + 49*n**2 - 2*n + 48. What is the units digit of c(31)?
3
Let j(t) = -3*t**2 - 23*t + 36. Let i be j(-9). Suppose i = 20*p - 709 + 9. What is the tens digit of p?
3
Let v(h) = h**2 - 6*h + 7. Let l be v(6). What is the tens digit of (l - 196)*(-4 - -3)?
8
Let h = -419 - -418. What is the units digit of (-1 + h + -1)*(-2 - 1)?
9
Let z = 36 + -31. Suppose c = -3*b + 12, z*c - 3*b - 1 = -13. Suppose c = 2*n - 6*n + 132. What is the units digit of n?
3
Let j = -14127 - -30845. What is the ten thousands digit of j?
1
Suppose 0 = -5*y - 24760 + 42860. What is the thousands digit of y?
3
What is the tens digit of 6/39 - -182492*(-1 + 70/65)?
3
Suppose -4*w - 5*j = 8, -4*j - 32 = -4*w - 4. Suppose 487 + 1202 = w*m. What is the units digit of m?
3
Let h(i) = -i**3 - 8*i**2 + 9*i - 9. Let p be h(-9). Let q be p/(-54) - (-11)/6. Suppose 4*b - 262 = q*w, 3 + 0 = 3*w. What is the tens digit of b?
6
Let j(w) = 178*w + 3177. What is the hundreds digit of j(46)?
3
Let s = 483 + -117. Suppose -788 = -2*x - 4*w, -x + s = -0*x - 5*w. What is the units digit of x?
6
Let r(w) = -4*w + 44. Suppose 0 = -26*v + 42*v + 400. What is the units digit of r(v)?
4
Let b = -51 + 63. Let o be -4*(-1)/(-6)*(-54)/b. Suppose 2*t - 192 = -o*c, c + 74 = t - 3*c. What is the units digit of t?
0
Let o(k) = -661*k + 8000. What is the tens digit of o(-71)?
3
Su